*s**3 + 1998*s**2 + 13826*s - 8. What is u(-7)?
83
Let b(g) = -21108*g - 63394. What is b(-3)?
-70
Let b(o) = -33*o**2 + 1016*o + 1962. Calculate b(33).
-447
Let v(h) = -2*h**3 - 48*h**2 + 510*h - 9106. Calculate v(-35).
-6
Let q(z) = 1139*z + 78587. Determine q(-69).
-4
Let w(y) = y**2 + 2200*y + 400073. Give w(-200).
73
Let x(b) = 905*b - 115013. What is x(127)?
-78
Let s(f) = -31*f**2 + 304*f + 46. Determine s(10).
-14
Let m(j) = -62*j**2 + 23242*j + 3023. Calculate m(375).
23
Let s(t) = -t**3 - 103*t**2 - 2000*t + 442. What is s(-77)?
288
Let u(p) = p**2 - 55*p - 2194. Calculate u(-38).
1340
Let c(w) = -3791*w + 140248. Give c(37).
-19
Let a(w) = -17299*w + 830346. What is a(48)?
-6
Let g(l) = l**3 - 22*l**2 - 39*l + 1255. What is g(21)?
-5
Let t(l) = -54473*l - 5610725. What is t(-103)?
-6
Let x(o) = -3*o**3 - 27*o**2 - 122*o + 58. Calculate x(-7).
618
Let f(c) = 2*c**3 + 223*c**2 + 610*c + 5930. What is f(-109)?
-1155
Let n(z) = z**2 + 26*z - 25. What is n(-35)?
290
Let t(r) = -r**3 + 18*r**2 - 193*r + 3438. Give t(18).
-36
Let t(x) = -x**3 + 56*x**2 + 85*x + 1740. Determine t(58).
-58
Let b(f) = f**2 + 314*f + 14437. Give b(-56).
-11
Let u(y) = y**3 + 56*y**2 - 164*y + 110. What is u(-59)?
-657
Let y(h) = -8*h**2 - 1143*h + 461. Calculate y(-142).
1455
Let d(q) = q**3 + 55*q**2 + 117*q + 48. Calculate d(-53).
-535
Let w(l) = l**2 + 363*l - 91. Determine w(0).
-91
Let y(a) = -545*a - 33742. Determine y(-62).
48
Let r(v) = -2*v**2 - 1432*v - 184889. Determine r(-169).
-3
Let h(u) = -9*u**2 - 861*u + 293. Give h(-95).
863
Let h(j) = -j**2 - 4391*j + 70507. What is h(16)?
-5
Let y(a) = -30545*a + 549801. Give y(18).
-9
Let m(b) = -b**3 - 120*b**2 - 2611*b + 2470. What is m(-91)?
-78
Let g(u) = 78*u**2 + 3674*u + 249. Determine g(-47).
-127
Let l(c) = 3*c**3 + 248*c**2 + 179*c + 510. Determine l(-82).
-720
Let q(g) = -19*g**2 - 2068*g + 13079. Determine q(6).
-13
Let j(k) = k**3 - 21*k**2 + 13*k + 943. Calculate j(11).
-124
Let y(j) = -88*j**2 - 1588*j + 7940. What is y(5)?
-2200
Let n(q) = 4*q**3 - 50*q**2 - 11*q - 73. Calculate n(13).
122
Let u(z) = 5*z**2 - 1224*z - 60560. Give u(287).
-3
Let m(u) = 4*u**2 - 109*u + 516. Give m(33).
1275
Let g(u) = -121*u**2 - 262944*u - 23898. Calculate g(-2173).
5
Let r(v) = 22*v**2 + 5829*v - 582. What is r(-265)?
-317
Let p(t) = 551*t + 8923. Determine p(-16).
107
Let s(p) = -45497*p - 1455878. Determine s(-32).
26
Let b(w) = -w**3 + 11*w**2 - 44*w - 48. What is b(8)?
-208
Let s(k) = -6*k**2 + 251*k - 2670. Give s(12).
-522
Let x(z) = -8*z**2 - 935*z - 17710. Determine x(-93).
53
Let r(x) = 23324*x - 186611. What is r(8)?
-19
Let p(k) = k**3 + 30*k**2 + 273*k + 477. What is p(-16)?
-307
Let f(c) = 74*c - 408. Give f(5).
-38
Let v(g) = 5*g**3 - 109*g**2 + 67*g + 358. Give v(21).
1
Let l(o) = o**2 - 97*o + 151. Determine l(99).
349
Let i(v) = 2591*v - 75165. Calculate i(29).
-26
Let f(l) = 2136*l + 21313. Calculate f(-10).
-47
Let i(u) = -48*u**2 + 3202*u - 6407. Give i(2).
-195
Let c(q) = 5*q**3 - 60*q**2 + 1291*q - 13764. What is c(11)?
-168
Let v(u) = 1180*u + 36746. Determine v(-31).
166
Let w(z) = 4*z**3 - 1126*z**2 - 11051*z - 2064. Determine w(291).
-27
Let t(m) = -22423*m - 156667. Give t(-7).
294
Let r(o) = 627*o - 333762. Calculate r(533).
429
Let i(w) = -3*w**3 + 165*w**2 - 11*w - 6. Determine i(55).
-611
Let u(z) = -4*z**3 - 41*z**2 - 14*z + 16. What is u(-10)?
56
Let n(c) = -15624*c - 62690. What is n(-4)?
-194
Let v(o) = 452*o**2 - 141*o - 131. What is v(-1)?
462
Let u(o) = 5*o**2 - 352595*o - 352602. Calculate u(-1).
-2
Let f(x) = 18992*x**2 - 208915*x + 35. Calculate f(11).
2
Let w(d) = -219*d**2 + 2547*d + 954. Determine w(12).
-18
Let m(y) = -3943*y - 15304. Give m(-4).
468
Let u(o) = o**2 - 469*o + 45104. Calculate u(135).
14
Let n(j) = -2*j**2 + 315*j + 3130. Determine n(167).
-43
Let r(d) = d**2 + 311*d + 22930. Give r(-187).
-258
Let l(v) = v**3 - v**2 - 413*v - 950. Give l(22).
128
Let f(k) = -630*k + 3020. Determine f(5).
-130
Let m(z) = -z**3 - 83*z**2 + 583*z + 35079. What is m(-85)?
-26
Let c(o) = -4*o**2 + 1611*o - 37901. What is c(25)?
-126
Let n(w) = 1911*w - 644019. Calculate n(337).
-12
Let r(b) = -33*b + 482. Determine r(21).
-211
Let p(g) = 2*g**2 + 79*g - 299. What is p(3)?
-44
Let t(o) = -117*o**2 + 33284*o + 17382. Determine t(285).
-3
Let y(n) = -9308*n - 418867. Calculate y(-45).
-7
Let k(c) = c**2 - 482*c + 10560. What is k(25)?
-865
Let g(t) = 3*t**3 - 118*t**2 + 2016*t - 91062. Calculate g(41).
-1
Let l(n) = -n**3 - 108*n**2 - 1061*n + 541. Calculate l(-97).
-41
Let r(g) = -2103*g + 256634. Calculate r(122).
68
Let f(q) = 164126*q - 984748. Give f(6).
8
Let b(q) = 160*q**2 - 813*q + 37. Determine b(5).
-28
Let x(k) = -110216*k - 881728. What is x(-8)?
0
Let c(m) = m**2 - 724*m - 9546. Give c(-13).
35
Let l(a) = 3294*a - 2618683. Calculate l(795).
47
Let z(m) = 19*m**3 + 33*m + 68. Calculate z(-5).
-2472
Let i(m) = -m**2 - 134*m + 3535. What is i(-163)?
-1192
Let t(n) = -n**2 + 395*n - 25011. Give t(77).
-525
Let n(s) = 491*s + 3676. Determine n(-9).
-743
Let c(p) = 1460*p + 411743. Give c(-282).
23
Let b(m) = m**3 + 12*m**2 - 340*m - 1855. Give b(-5).
20
Let o(p) = -p**2 + 115*p + 2439. Determine o(123).
1455
Let z(c) = 4*c**2 + 29*c - 781. What is z(-23)?
668
Let l(a) = a**2 - 3240*a - 35683. Calculate l(-11).
78
Let o(t) = t**3 - 3*t**2 + 61*t - 325. Give o(5).
30
Let u(c) = -21753*c - 108758. Determine u(-5).
7
Let j(x) = -28*x - 1203. What is j(-67)?
673
Let t(p) = 250384*p + 6509980. Give t(-26).
-4
Let j(y) = -y**3 - 103*y**2 - 292*y + 10300. Determine j(-99).
4
Let d(m) = 7506*m + 67943. Give d(-9).
389
Let u(h) = h**3 - 26*h**2 + 95*h - 528. Give u(5).
-578
Let h(x) = 105*x**2 - 50*x - 79. What is h(-4)?
1801
Let o(f) = -f**3 - 9366*f**2 - 37544*f - 386. Give o(-4).
-2
Let p(i) = 30*i**2 + 572*i + 2349. Calculate p(-6).
-3
Let s(z) = -z**3 - 67*z**2 - 145*z - 1006. Give s(-65).
-31
Let y(m) = 4*m**2 - 1301*m + 31535. Give y(299).
140
Let h(u) = -3*u**2 + 76*u + 2249. Give h(-23).
-1086
Let q(i) = -i**2 - 44*i + 10267. Calculate q(-127).
-274
Let h(j) = 61281*j - 490254. What is h(8)?
-6
Let q(s) = 60801*s + 60589. Give q(-1).
-212
Let q(g) = 3*g**3 + 228*g**2 - 314*g - 6418. Give q(-77).
-27
Let t(i) = 2*i**3 + 15*i**2 - 599*i + 79. Determine t(0).
79
Let w(b) = 2*b**3 - 28*b**2 - 91*b - 204. Determine w(17).
-17
Let d(h) = 4*h**2 - 2040*h - 12059. Give d(516).
325
Let y(v) = -6*v**2 - 305*v - 691. Calculate y(-52).
-1055
Let y(z) = -3091*z - 74146. Give y(-24).
38
Let h(v) = -v**3 - 130*v**2 - 1911*v - 21373. Calculate h(-115).
17
Let j(k) = -4*k**3 - 3810*k**2 + 5683*k - 39121. Determine j(-954).
-7
Let d(n) = -50*n**3 - 6*n**2 - 267*n - 511. Give d(-2).
399
Let g(v) = -4*v**3 + 64*v**2 - 453*v + 8812. Calculate g(17).
-45
Let m(w) = -w**2 - 138*w - 4660. What is m(-42)?
-628
Let d(r) = -6*r**2 + 399*r + 1690. Give d(70).
220
Let n(r) = r**3 - 48*r**2 - 243*r + 2. Calculate n(-6).
-484
Let m(z) = -z**3 - 72*z**2 - 612*z + 139. What is m(-10)?
59
Let q(v) = 471*v + 163076. Calculate q(-347).
-361
Let o(k) = -6*k**2 - 10844*k + 65277. What is o(6)?
-3
Let v(y) = -y**3 - 4*y**2 - 445*y - 1328. Determine v(-3).
-2
Let q(u) = -2*u**3 + 4*u**2 - 1807*u + 3585. Give q(2).
-29
Let u(s) = -1142*s - 19045. Determine u(-17).
369
Let l(i) = -i**3 + 778*i**2 - 25286*i - 7427. What is l(744)?
13
Let l(z) = 3*z**3 - 74*z**2 - 195*z + 67. Give l(27).
-95
Let m(k) = -185*k**3 + 13*k**2 + 34*k - 60. What is m(2)?
-1420
Let c(y) = -y**3 - 286*y**2 - 1060*y - 60072. Calculate c(-283).
-359
Let w(t) = 35707*t - 1214078. Calculate w(34).
-40
Let k(a) = 41039*a + 287268. What is k(-7)?
-5
Let c(x) = 6072*x - 97147. Determine c(16).
5
Let m(c) = 122*c**3 + 24653*c**2 + 1818*c - 40. Give m(-202).
-40
Let d(f) = -3*f**2 + 494*f + 3397. What is d(170)?
677
Let n(d) = d**3 + 13*d**2 - 8693*d - 635. What is n(87)?
-26
Let g(j) = 28*j**2 + 585*j + 5366. What is g(-9)?
2369
Let b(v) = -3513*v - 2670. Determine b(-1).
843
Let k(t) = -t**3 - 10149*t**2 - 50730*t + 12. Determine k(-5).
62
Let a(x) = 28*x**2 - 1701*x + 6304. What is a(4)?
-52
Let s(o) = 651*o - 565. Give s(3).
1388
Let w(b) = 5*b**3 + 175*b**2 - 366*b - 18232. Give w(-34).
-8
Let u(z) = -z**2 + 374*z + 10554. What 